
256
Calculate the greatest common divisor of 26730142 and 3152.
394
What is the greatest common divisor of 124291200 and 27104?
3872
Calculate the highest common factor of 63 and 11427993.
9
What is the highest common factor of 3809440 and 6880?
160
Calculate the greatest common factor of 17992 and 381965662.
4498
Calculate the greatest common factor of 176741794 and 543.
181
What is the highest common factor of 740828 and 11300?
452
Calculate the highest common factor of 6026 and 234370.
46
What is the highest common factor of 5503617 and 675?
9
What is the highest common divisor of 361 and 427258301?
361
Calculate the highest common divisor of 578418207 and 11274.
5637
Calculate the greatest common divisor of 71500770 and 22.
22
Calculate the greatest common divisor of 370809830 and 22590.
2510
Calculate the greatest common factor of 62500 and 8450.
50
What is the highest common factor of 80698865 and 7358?
3679
What is the greatest common factor of 22791008 and 384?
32
What is the highest common factor of 5153148 and 14?
14
What is the highest common factor of 3418 and 236761442?
3418
Calculate the highest common divisor of 32 and 569960.
8
Calculate the greatest common divisor of 22848 and 37857708.
1428
What is the highest common factor of 7977176 and 456?
8
What is the highest common factor of 3180 and 1405510?
10
Calculate the greatest common divisor of 3885324 and 298.
298
Calculate the greatest common divisor of 93076857 and 339.
339
Calculate the greatest common factor of 10787137 and 73.
73
Calculate the highest common divisor of 70816 and 2321437.
2213
What is the highest common divisor of 38986 and 2952900?
386
Calculate the highest common divisor of 2927132 and 32.
4
Calculate the highest common divisor of 29854 and 61669278.
1298
Calculate the greatest common divisor of 64181 and 767.
13
Calculate the highest common divisor of 64781580 and 10.
10
Calculate the highest common divisor of 6629 and 201061.
7
What is the highest common divisor of 141 and 1230693?
3
What is the greatest common divisor of 4768599 and 10375?
83
Calculate the greatest common factor of 3241735 and 2093.
161
Calculate the highest common divisor of 1752 and 40608732.
876
What is the greatest common divisor of 728 and 18230072?
56
Calculate the highest common factor of 3156 and 824064.
12
What is the greatest common factor of 15600 and 10509408?
624
What is the greatest common factor of 30792040 and 6312?
2104
Calculate the highest common factor of 92992 and 4805071.
1453
What is the highest common factor of 178746705 and 3285?
3285
What is the highest common factor of 1340055 and 3395?
485
Calculate the greatest common factor of 213 and 295377.
3
Calculate the highest common factor of 378629 and 3.
1
What is the highest common factor of 210908238 and 2598?
2598
Calculate the highest common factor of 1891 and 13599401.
61
What is the highest common divisor of 25 and 10933595?
5
Calculate the greatest common factor of 16756201 and 481838.
1897
What is the highest common factor of 21022 and 186325298?
914
Calculate the greatest common divisor of 5998080 and 1029600.
5280
What is the highest common divisor of 52860208 and 2108?
2108
Calculate the highest common divisor of 855 and 634695.
285
Calculate the highest common divisor of 394999 and 70477.
1639
Calculate the greatest common divisor of 21 and 110552449.
7
Calculate the greatest common divisor of 4930 and 8517010.
290
Calculate the greatest common divisor of 10185 and 513959835.
1455
Calculate the highest common factor of 2356 and 40801132.
76
Calculate the highest common divisor of 1880 and 126518.
2
Calculate the greatest common divisor of 46 and 26261929.
23
What is the greatest common factor of 2030877 and 30130?
23
What is the greatest common divisor of 188 and 767511034?
94
Calculate the highest common divisor of 27835 and 155515.
95
What is the greatest common divisor of 2490 and 11835510?
30
What is the greatest common factor of 82461366 and 18?
18
What is the highest common factor of 32567 and 10540478?
1123
Calculate the greatest common factor of 436 and 19231851.
109
Calculate the highest common divisor of 275705514 and 70.
14
Calculate the greatest common divisor of 870 and 19907804.
58
What is the highest common divisor of 67255584 and 1056?
1056
Calculate the greatest common factor of 104514 and 77934.
6
What is the greatest common divisor of 555 and 533503?
37
What is the highest common factor of 61567352 and 4?
4
Calculate the greatest common factor of 196 and 5196436.
28
What is the highest common factor of 278271 and 4059?
9
What is the greatest common factor of 36182470 and 10?
10
What is the greatest common divisor of 5992659 and 99?
9
Calculate the greatest common divisor of 2595172 and 684.
76
Calculate the highest common divisor of 2953808 and 375232.
2288
What is the highest common factor of 1374074 and 77285?
533
What is the highest common factor of 42506 and 6980608?
802
Calculate the greatest common divisor of 30396151 and 9145.
1829
What is the highest common divisor of 190 and 12037089?
19
Calculate the highest common factor of 889559698 and 3034.
3034
Calculate the highest common divisor of 443986 and 1606.
146
Calculate the highest common divisor of 112050 and 3125.
25
What is the greatest common divisor of 1551072 and 19488?
96
What is the highest common divisor of 233 and 26825?
1
What is the highest common factor of 1675 and 234426970?
335
Calculate the highest common factor of 577934156 and 464.
116
Calculate the greatest common factor of 54837 and 12010657.
677
What is the highest common factor of 13486 and 207060366?
1226
Calculate the greatest common factor of 345012 and 1620.
12
What is the highest common divisor of 21271588 and 767?
13
Calculate the highest common factor of 466057 and 485414.
1489
Calculate the greatest common divisor of 8695 and 1635633840.
8695
Calculate the highest common factor of 19426 and 10010.
22
What is the greatest common divisor of 23885 and 66529279?
4777
Calculate the greatest common divisor of 4206 and 36255019.
701
What is the highest common factor of 561 and 125521?
11
Calculate the highest common divisor of 2796780 and 84000.
420
What is the greatest common divisor of 890102 and 112454?
1906
What is the greatest common divisor of 51521531 and 11?
1
What is the highest common factor of 851143815 and 54?
27
What is the highest common divisor of 80486 and 59822?
14
Calculate the highest common divisor of 163725825 and 73896.
9237
Calculate the highest common divisor of 22 and 30767374.
22
What is the greatest common divisor of 12 and 482490624?
12
Calculate the greatest common factor of 75118682 and 2006.
2006
Calculate the highest common factor of 22 and 42541873.
11
What is the highest common factor of 408 and 112384476?
12
Calculate the greatest common factor of 2321 and 12185461.
211
Calculate the greatest common factor of 2395757 and 195.
13
What is the highest common divisor of 35976507 and 203?
7
Calculate the highest common divisor of 384070 and 1078870.
1930
What is the highest common divisor of 120310 and 2072056?
454
Calculate the highest common factor of 442392 and 90.
6
Calculate the greatest common divisor of 73483387 and 265.
53
What is the greatest common divisor of 74935756 and 16786?
1526
Calculate the highest common divisor of 21020007 and 6171.
51
Calculate the greatest common factor of 492 and 1983444.
12
Calculate the highest common factor of 738 and 1854918.
18
Calculate the highest common factor of 172364164 and 1148.
1148
What is the highest common factor of 107342040 and 2010?
2010
Calculate the highest common factor of 142 and 3854476.
2
Calculate the highest common divisor of 216 and 259720.
8
What is the greatest common factor of 253021080 and 723?
723
Calculate the greatest common divisor of 568372 and 6577088.
1484
What is the highest common divisor of 3162 and 1574862?
186
What is the highest common factor of 35676701 and 811?
811
What is the highest common divisor of 2977 and 57194124?
2977
What is the greatest common divisor of 6 and 282129522?
6
Calculate the highest common divisor of 444 and 56319.
3
Calculate the greatest common factor of 1002 and 333588.
6
What is the greatest common factor 